ghest common divisor of m and 87.
29
Let z be 30/(4 + (-2)/1). Let k = 2 + 1. Suppose 0 = k*r + 2*r - 225. What is the greatest common factor of r and z?
15
Let t = 0 - -3. Suppose t*q + 2*q = 180. Suppose -5*n = -4*p + q, 5*p - 2*p - 4*n - 28 = 0. What is the greatest common factor of 24 and p?
4
Suppose m - 9*j - 42 = -4*j, 4*j = -5*m + 268. Calculate the highest common divisor of 13 and m.
13
Suppose -h + 9*i = 4*i - 13, 2*h - 37 = -i. What is the greatest common factor of h and 6?
6
Suppose 3*x = -x + 12. Suppose 0 = x*c + c - 192. Calculate the greatest common divisor of c and 12.
12
Let m be 1/(1*(-2)/(-54)). Let q = 22 + -13. Calculate the highest common divisor of q and m.
9
Suppose -j = j + 3*l - 225, -5*j + 528 = -4*l. What is the greatest common divisor of 12 and j?
12
Suppose 4*w + 4*u - 10 = 6, w + 4*u - 10 = 0. Suppose -6*o = -2*o + 20. Let r = o + 7. Calculate the greatest common divisor of w and r.
2
Let u(n) = -10*n**3 + 2*n**2 - n - 1. Let y be u(-2). Suppose -19 + 13 = 2*k. Let d be y + k/(4 + -1). What is the highest common factor of d and 11?
11
Let j = 1 + 9. Let g be (88/j)/((-4)/(-30)). Calculate the highest common factor of g and 6.
6
Let p(n) = -2*n**3 - 6*n**2 - 8*n - 2. Let h be p(-2). Calculate the greatest common factor of h and 4.
2
Let s be (-4473)/(-45) - 6/(-10). Calculate the greatest common factor of 10 and s.
10
Let q = -80 - -124. Calculate the greatest common divisor of q and 66.
22
Suppose -l + 16 = 3*c - 14, 2*c + 2*l - 20 = 0. Let x be 206/14 - 2/(-7). Calculate the greatest common divisor of c and x.
5
Let a(n) = n**3 + 5*n**2 - 4*n - 8. Let i be a(-5). Suppose -4*c + 10 + 14 = 0. What is the highest common factor of i and c?
6
Let h(j) = -2*j - 1. Let g be h(-2). Suppose 0 = -2*d - 3*c + 72, -g*c = -d - c + 36. Calculate the highest common factor of 24 and d.
12
Let x(c) = c**2 + 3. Let j be x(-8). Suppose -5*m - 61 = -4*f, 3*f - 8*f + j = 3*m. What is the highest common factor of f and 35?
7
Let x = -13 - -19. What is the highest common divisor of x and 24?
6
Let x be 2/2 + -2 - -6. Suppose 3*r + 445 - 1292 = -5*j, -r = x*j - 839. Let m = j - 77. Calculate the highest common divisor of 10 and m.
10
Let i = 105 + 13. Suppose -5*j - i = -3*v - 20, v - j = 30. Let r be 15 - (-2 + 1)*-2. Calculate the highest common factor of v and r.
13
Let j = 7 - 5. Let f = 14 + -22. Let w be 4 - 2/(f/(-4)). What is the highest common factor of j and w?
1
Suppose 3*w - w = 6. Suppose 9 = w*f - 0*f. Suppose 32 = 2*l - 2*p, 0*l + 48 = f*l + 2*p. Calculate the greatest common factor of 40 and l.
8
Let k be ((-20)/2)/(2/(-7)). What is the highest common factor of 14 and k?
7
Let t = -129 - -144. What is the highest common factor of t and 30?
15
Suppose 2*h - 6*h = -x + 299, 2*h + 289 = x. Calculate the greatest common factor of 31 and x.
31
Let r = 25 - 1. Calculate the highest common factor of 30 and r.
6
Let j be -3 + (25 - 1 - 1). Suppose 2*b - 5*s = -2*b + j, -2*b - 5*s = -40. What is the highest common divisor of 15 and b?
5
Suppose -5*b - 22 = u - 0*u, 4*u = -3*b - 37. Let g = 10 - u. Calculate the highest common divisor of 34 and g.
17
Let r(v) = 98*v. Let p be r(1). Calculate the highest common factor of p and 14.
14
Let h be -28*(-7 - (1 - 4)*1). Calculate the greatest common divisor of 48 and h.
16
Suppose 3 = 4*y - 5*s - 21, -2*y + s = -12. Suppose 3*d + 13 = 3*a - 5, 2*a + 4*d = 30. What is the greatest common factor of y and a?
3
Let i(n) = n**3 + 2*n**2 - 4*n - 3. Let b be i(-2). Let k = 3 + b. What is the highest common divisor of k and 40?
8
Suppose 3*h + 129 = 3*c + 6*h, c - 55 = 3*h. What is the greatest common factor of 115 and c?
23
Let w = -19 - -39. What is the highest common factor of w and 80?
20
Suppose 0 = -2*v - 3*v. Suppose v = -5*u + 47 + 23. Let l(w) = 2*w**2 + 8*w + 4. Let g be l(-5). Calculate the highest common divisor of u and g.
14
Suppose 0 = -5*n + 49 + 71. Suppose 2*r + 51 = 195. Calculate the highest common divisor of r and n.
24
Suppose -o + 5*q = -13 - 12, -4*o + 124 = 4*q. Let t(l) = 6*l**2 - l + 1. Let k be t(1). What is the highest common factor of o and k?
6
Let d be 16/(-4) + 2 + 4. What is the greatest common factor of d and 6?
2
Suppose -13 - 3 = -f. Let x(v) = -4*v**3 + 6*v**2 + 7*v + 3. Let o be x(-3). Calculate the greatest common factor of o and f.
16
Let v = 28 + 0. Suppose 0 = -11*a + 13*a - v. Let b be ((-14)/(-6))/(3/144). What is the greatest common factor of b and a?
14
Suppose 31 = 4*q + i, -5*q + 15 = -2*i - 40. Let g = 0 - -6. What is the greatest common factor of g and q?
3
Let w = -11 + 11. Suppose w = -5*l + 3*l + y + 167, -434 = -5*l - 3*y. What is the highest common divisor of l and 17?
17
Let x = 3 - -17. What is the greatest common factor of x and 160?
20
Suppose -6*d = -d - 5*x - 135, 4*x = 5*d - 137. What is the greatest common divisor of 232 and d?
29
Let y be -4 + (-15 + -1)*3/(-6). What is the greatest common factor of 16 and y?
4
Let y = 0 - -8. Suppose 4*j - y - 12 = 0. Let r = -19 - -29. What is the highest common divisor of r and j?
5
Let b(s) = 2*s - 7. Let c be b(6). Let w(a) = 2*a**2 - 5*a - 5. Let q be w(c). Calculate the greatest common divisor of 220 and q.
20
Suppose 2*k - 95 = -3*k - 2*s, 3*k = -4*s + 57. Calculate the highest common factor of 57 and k.
19
Suppose -9*y = -4*y - 1845. What is the highest common factor of 41 and y?
41
Let m = -5 + 3. Let t be m/7 - 261/(-7). Suppose -5*d = -w - t, -4*d - 3*w + 44 = w. What is the greatest common factor of d and 24?
8
Let f = -21 - -29. Calculate the highest common factor of f and 72.
8
Let i = -23 + 46. Let d be 23/(-2*(-4)/72). Calculate the greatest common divisor of i and d.
23
Let b(r) = -4*r - 12. Let i be b(-5). Let p = -13 + 21. What is the greatest common divisor of p and i?
8
Let f be 4/(-26) - (-119)/13. Let k(u) = -u**3 + 3*u**2 + 1. Suppose -5*b = -0*b - 15. Let r be k(b). What is the highest common divisor of f and r?
1
Suppose 0 = 3*r - 2 - 1. Calculate the greatest common factor of r and 4.
1
Let t be 4 - (-20)/(-12)*-3. Calculate the highest common divisor of t and 81.
9
Let b be (871/(-65))/((-1)/5). Suppose 17 = 2*m - 3*i - b, 0 = 5*i - 10. Suppose 4*d + 36 = 6*d. What is the greatest common factor of d and m?
9
Let u = -41 - -57. What is the greatest common factor of 64 and u?
16
Suppose -2 + 15 = i. Suppose 0 = 3*y + x - i, -4*x + 0 = 3*y - 25. Calculate the highest common divisor of 1 and y.
1
Let m(i) = i**2 + 3*i. Let p be m(-4). Suppose p*a - 32 = 3*a. What is the greatest common factor of a and 80?
16
Suppose 0*r + 8 = 4*r, -158 = -2*p + r. Let s be -1*(1 - -8*1). Let w(h) = -3*h - 11. Let n be w(s). What is the highest common divisor of n and p?
16
Suppose 4*t - 203 - 37 = 0. Let y = -24 - -48. What is the greatest common factor of y and t?
12
Let p be (72/21)/((-4)/(-14)). Let m(a) = 2*a - 11. Let q be m(p). What is the greatest common divisor of 26 and q?
13
Let c(v) = v + 24. Let y be c(0). What is the highest common factor of 8 and y?
8
Let k(x) = 8*x**3 + x**2 - x - 1. Let v be k(-1). Let w = v + 11. Let o be (11/(-2))/(w/(-8)). Calculate the highest common divisor of 55 and o.
11
Let c be 1/(9/(-12) + 1). Suppose 2*x = -7*q + c*q + 22, -x - 11 = -4*q. What is the highest common divisor of 28 and q?
4
Let x be 5 - 1/(-2)*6. Let y = x - 3. What is the highest common factor of y and 25?
5
Let x = 20 - 7. Let n be (-2 - -1)/((-2)/86). Let c = x + n. Calculate the highest common divisor of 8 and c.
8
Let t(s) = 24*s. Let y be t(1). Suppose -31 - 33 = 4*f. Let b = f + 19. What is the greatest common factor of b and y?
3
Let k be 1/1 - (-33 + -16). What is the highest common divisor of k and 10?
10
Suppose 2*b = 3*b - 4. Suppose t + 24 = 2*t + 4*u, -b*u = -t + 24. Suppose 2 = 2*f - p - 2*p, -4*f + t = 4*p. What is the greatest common factor of 2 and f?
2
Let s = 5 + 9. What is the greatest common factor of 70 and s?
14
Let s = 44 + -20. What is the highest common divisor of 88 and s?
8
Suppose -424 = -5*a + 81. Suppose 4*i - 3*d - 85 = a, 0 = 5*d - 10. Calculate the highest common divisor of 12 and i.
12
Let m be ((-396)/(-55))/(2/5). What is the highest common divisor of m and 162?
18
Let z = -7 + 10. Let l be (63 + 3)*(-1)/(-2). Suppose -4*t - 3*d + l = -3, 